41. Let k = -26 - s. List the prime factors of k.
2, 5
Suppose 5*n - 29 = -4*x, -4*x = 4*n - 6 - 18. Suppose 4*h = -n*z + 3 + 41, -4*h + 12 = -3*z. What are the prime factors of h?
2, 3
Let m = -7 + 5. What are the prime factors of -6 + 8 + (0 - m)?
2
Let w(z) = 25*z**2 - 1. Let k be w(1). Suppose 3*o = o + k. What are the prime factors of o?
2, 3
Let d be -14 - -4 - (1 + -3). Let f(s) = s**2 + 4*s - 2. Let a be f(d). Suppose 0*b - a = -5*b. What are the prime factors of b?
2, 3
Let u = -28 + 30. Let z be 16/(-6)*(-18)/8. Let l = u + z. What are the prime factors of l?
2
Suppose 105 = 3*j - 24. Let g = j + -15. What are the prime factors of g?
2, 7
Suppose -9*j + 5*j + 956 = 0. List the prime factors of j.
239
Suppose q - 127 = -3*t + 2*q, -t + 41 = q. What are the prime factors of t?
2, 3, 7
Let t be 2/(6/3)*0. Suppose -3*x + 5*l + 305 = t, 0 = 3*x - 5*x - l + 186. Suppose 0 = -3*g - 2*g + x. What are the prime factors of g?
19
Suppose 2*f - 4*l - 120 = 0, 4*f + 8*l - 175 = 3*l. Suppose 0 = 2*o - 2, -3*w = -o - 0*o - f. List the prime factors of w.
17
Let i(s) = 3*s**2. Let g be (-2)/6 - (-20)/15. List the prime factors of i(g).
3
Let m = 5 + -1. Suppose -f = -4*y - 21, -y - m = 3*y. List the prime factors of f.
17
Let g = 12 - 7. Suppose -g*p = -40 - 0. What are the prime factors of p?
2
Let x(h) = 1 - h**3 + 0*h - 6*h + 10*h**2 - h**2. Suppose -n = -3*q + n + 22, -4*q + 35 = 3*n. What are the prime factors of x(q)?
17
Let z(w) = 5*w**3 + w**2 + 4*w - 4. List the prime factors of z(2).
2, 3
Let w be (-1)/(-7) + (-1782)/(-21). Suppose -2*h + w = 3*h. What are the prime factors of h?
17
Let c = 216 - 130. List the prime factors of c.
2, 43
Let k = -47 + 88. What are the prime factors of k?
41
Suppose 155 + 60 = 5*c. What are the prime factors of c?
43
Let p be (66/(-9))/(1/3). What are the prime factors of 1/10*p*-5?
11
Suppose -3*x - x - 5*l = -277, -5*l = -5. What are the prime factors of x?
2, 17
Let w be 60 + (0 - 3) - 1. What are the prime factors of 2/6 + w/12?
5
Let u be 15/4 - 1/(-4). Suppose h = 9 + u. Let a = h + -9. List the prime factors of a.
2
Let r(f) = -34*f + 2. Let t be r(-2). Let h = -34 + t. What are the prime factors of h?
2, 3
Let o = -3 - -6. Suppose 20 = o*z - 7. List the prime factors of z.
3
Let r = -5 + 9. Suppose -3*m = -r*v - 25, 2*m + m - 17 = 2*v. Suppose -41 = -m*x - 11. List the prime factors of x.
2, 5
Let r(f) = 17*f - 14. What are the prime factors of r(9)?
139
List the prime factors of 4 + (12/2 - 4).
2, 3
Suppose 2*j - 104 = -4*a, -4*j - j = 5*a - 125. Suppose -3*t + a = 5*d - 45, 4*d - 36 = 3*t. What are the prime factors of d?
2, 3
Suppose 7*l - 3*l = 192. Let w = -8 - l. Let k = -40 - w. List the prime factors of k.
2
Suppose 3*f + 4*x = 789, 3*x + 440 = 3*f - 370. List the prime factors of f.
3, 89
Let r(m) = -6*m + 1. Let s be r(-2). Let j = s + 9. What are the prime factors of j?
2, 11
Suppose 9*w = 2*w + 714. What are the prime factors of w?
2, 3, 17
Let f(v) be the second derivative of v**5/20 + 3*v**4/4 - v**3/3 - v**2 + 3*v. What are the prime factors of f(-9)?
2
Suppose 0*l + 12 = 2*l. Suppose 0 = 3*q + 4*n - 52, 0 = 3*q - 2*n - 58 - l. What are the prime factors of q?
2, 5
Let w(g) = 27*g**3 + g**2 - 1. What are the prime factors of w(1)?
3
Let k(u) = u**3 + 2*u**2 + u - 1. List the prime factors of k(2).
17
Let b(p) = 2*p**3 - 4*p**2 + 2*p + 1. Let n = 3 - 2. Let q be (-4 - -2)*(n - 2). List the prime factors of b(q).
5
Suppose 5*p - 29 = 16. What are the prime factors of 1780/90 + 2/p?
2, 5
Let k(w) = -2*w. Suppose 0 = -d + 5*d + 24. What are the prime factors of k(d)?
2, 3
Suppose 0 = 4*b - 3 + 11. Let f be b/3*(-9)/2. Let t(w) = w**3 - w**2 - 2*w + 2. List the prime factors of t(f).
2, 7
Let h be 6/2 - (1 - 2). What are the prime factors of (-12)/(-2)*h/6?
2
Let g be 1/(-1)*(2 - 3). Let s be g*2 - 0/(-1). Suppose u - s - 2 = 0. List the prime factors of u.
2
Suppose 4*v + 3*t - 1248 = 0, -5*t + 3*t + 1252 = 4*v. List the prime factors of v.
3, 5, 7
Suppose -1 = d, -4*d - 10 = -3*m - 9*d. Suppose -11 = -m*w + 9. Suppose y + 1 - 5 = -p, -w*p - 29 = -5*y. What are the prime factors of y?
5
Let s(b) = -b**3 - 6*b**2 + b + 6. Let i be s(-5). Let t = 6 - i. What are the prime factors of t?
2, 3, 5
What are the prime factors of 25 + ((-6)/2)/(-3)?
2, 13
Let b(w) = -2 - 3*w**3 + 2*w**3 + 0*w + 4*w - 7*w**2. What are the prime factors of b(-8)?
2, 3, 5
Suppose -2*u = 48 - 114. What are the prime factors of u?
3, 11
Let o = 17 + 116. What are the prime factors of o?
7, 19
Suppose -4*o - 3*l + 425 = 0, -2*o - o + 3*l = -324. What are the prime factors of o?
107
Let j be 4*1*52/16. Let m = j - 2. What are the prime factors of m?
11
Let t = 29 + -10. List the prime factors of t.
19
Suppose -5 = -g + 4*c - 0, -c = 3*g - 15. What are the prime factors of g?
5
Let z(f) = f**3 + 10*f**2 + 13*f + 8. Let k be z(-8). Suppose n = 5*n + k. Let x = n + 15. List the prime factors of x.
7
Suppose 82 - 18 = -v. What are the prime factors of v/(-2)*9/6?
2, 3
List the prime factors of (2 - 1) + (5 - -7).
13
Let h(k) = -2*k - 12. Let a be h(-6). Let m(z) = -z**2 - z + 9. List the prime factors of m(a).
3
Suppose -a + 2*a + 25 = 4*d, -d - 5 = -4*a. Let v(o) = o**3 + 4*o**2 - 6*o - 1. Let x be v(-5). Suppose x*z + d = 5*z. What are the prime factors of z?
7
Suppose 4*c - c = 4*j - 14, -18 = -4*j + c. Let o = 73 - 26. Suppose -3*s = j*x - o, -x - 5 = -4*s + s. What are the prime factors of x?
7
Let v = -17 + 30. Let h be 2 - (1 - v)/3. Suppose -h = -3*k, 3*r - 4*k - 40 = -r. What are the prime factors of r?
2, 3
Let y = -77 + 33. What are the prime factors of (y/10)/((-11)/110)?
2, 11
Let m(a) = -a**3 + 8*a**2 - 3*a + 3. List the prime factors of m(7).
31
Let j(i) = 7*i + 24. Let r be j(-10). List the prime factors of (r/(-8))/((-2)/(-8)).
23
Suppose -2*l = -4*l - 60. Suppose -a + 3 = 4. List the prime factors of a - (-7)/((-21)/l).
3
Let i = 2 - -3. Suppose -w - 80 = -i*w. What are the prime factors of w?
2, 5
Suppose -s - 4*s = -40. What are the prime factors of s - (-3 - (-5 + 3))?
3
Let t = -57 + 123. Let i = t + -44. List the prime factors of i.
2, 11
Let j be 5*(-4 - -2 - -1). List the prime factors of (j + -3)/((-1)/5).
2, 5
Suppose -p - p = -4. Let y(j) = 2*j**3 - j**2 - 1. List the prime factors of y(p).
11
Suppose 0 = 4*u + 3*c - 7, 5*c - 6 + 2 = u. Suppose -4*m - 3 + u = -3*t, -t + 10 = m. List the prime factors of 39/15 + t/15.
3
Let a(g) = 22*g + 11. Let w(r) = 11*r + 5. Let j(q) = 6*a(q) - 14*w(q). List the prime factors of j(-2).
2, 5
Let g = -40 - -28. Let i = -7 - g. Suppose i*f - 4 = 41. What are the prime factors of f?
3
List the prime factors of -2 - (18/30 - (-586)/(-10)).
2, 7
Let y be (0/(-2) - 0)/1. Suppose 4*z - 1 - 47 = y. What are the prime factors of z?
2, 3
Let j(x) = 3*x + 1 + x - 5*x. Let a(w) = -w**3 + 11*w**2 + w - 16. Let g be a(11). What are the prime factors of j(g)?
2, 3
Let q = -70 - -171. What are the prime factors of q?
101
Let l = 143 - 77. What are the prime factors of l?
2, 3, 11
Suppose -73*l - 159 = -76*l. List the prime factors of l.
53
Let z be (-2)/((-1)/(-1)) - 20. Let n = 57 + z. Suppose 0 = 5*j - 25, 0 = -0*i - 2*i - j + n. List the prime factors of i.
3, 5
Let k(m) = -m**2 + 5*m - 3. Let a be k(3). Suppose v = 2*y + 44, 0*y - a*y = -3*v + 117. List the prime factors of v.
2, 17
Let z(a) = 3*a**2 - 7*a + 3. Let r(o) = -8*o**2 + 21*o - 9. Let c(t) = -4*r(t) - 11*z(t). Let d(s) = -3*s + 3. Let x be d(3). List the prime factors of c(x).
3
Suppose 3*s + 4*d = 2*s + 22, 3*s - 3*d = 6. Let p be (-1 + 4)*(s - -1). Suppose 3*k - p + 3 = 0. What are the prime factors of k?
2, 3
Suppose -5*v = -3 - 12. Suppose v*z + 3 = 27. What are the prime factors of z?
2
Suppose -l - 7*w + 2*w = -36, 52 = 2*l + 5*w. Let v = l + -7. What are the prime factors of v?
3
Suppose g + 0*b - 5*b = -19, 3*b = 5*g + 7. Let q be g - (-2 - -1 - 4). List the prime factors of (21/q)/((-2)/(-4)).
7
Let p be (-4)/(1*(-3 - -1)). Suppose 2*q + p*q = 0. Suppose 5*y - 51 = -3*d + 4*d, -y - d + 15 = q. What are the prime factors of y?
11
Let b = -83 + 105. What are the prime factors of b?
2, 11
Let m(c) = 2*c**2 + c - 1. Let s(q) = q + 7. Let w be s(-6). List the prime factors of m(w).
2
Let h be (3/(-9))/((-2